{"id":5368,"date":"2018-03-03T18:13:56","date_gmt":"2018-03-03T18:13:56","guid":{"rendered":"http:\/\/donesesglesia.cat\/wp_cde\/?post_type=tribe_events&#038;p=5368"},"modified":"2018-03-03T18:13:56","modified_gmt":"2018-03-03T18:13:56","slug":"jornada-de-formacio-moviment-de-catoliques-ordenades-com-a-sacerdots-i-com-a-bisbes","status":"publish","type":"tribe_events","link":"https:\/\/donesesglesia.cat\/wp_cde\/activitat\/jornada-de-formacio-moviment-de-catoliques-ordenades-com-a-sacerdots-i-com-a-bisbes\/","title":{"rendered":"Jornada de formaci\u00f3: Moviment de cat\u00f2liques ordenades com a sacerdots i com a bisbes"},"content":{"rendered":"<p>A c\u00e0rrec de Roser Sol\u00e9 Besteiro- Lloc: Seu del CDE<\/p>\n","protected":false},"excerpt":{"rendered":"<p>A c\u00e0rrec de Roser Sol\u00e9 Besteiro- Lloc: Seu del CDE<\/p>\n","protected":false},"author":1,"featured_media":0,"template":"","meta":{"_tribe_events_status":"","_tribe_events_status_reason":"","footnotes":""},"tags":[],"tribe_events_cat":[23],"class_list":["post-5368","tribe_events","type-tribe_events","status-publish","hentry","tribe_events_cat-activitats-del-cde","cat_activitats-del-cde"],"_links":{"self":[{"href":"https:\/\/donesesglesia.cat\/wp_cde\/wp-json\/wp\/v2\/tribe_events\/5368","targetHints":{"allow":["GET"]}}],"collection":[{"href":"https:\/\/donesesglesia.cat\/wp_cde\/wp-json\/wp\/v2\/tribe_events"}],"about":[{"href":"https:\/\/donesesglesia.cat\/wp_cde\/wp-json\/wp\/v2\/types\/tribe_events"}],"author":[{"embeddable":true,"href":"https:\/\/donesesglesia.cat\/wp_cde\/wp-json\/wp\/v2\/users\/1"}],"version-history":[{"count":1,"href":"https:\/\/donesesglesia.cat\/wp_cde\/wp-json\/wp\/v2\/tribe_events\/5368\/revisions"}],"predecessor-version":[{"id":5369,"href":"https:\/\/donesesglesia.cat\/wp_cde\/wp-json\/wp\/v2\/tribe_events\/5368\/revisions\/5369"}],"wp:attachment":[{"href":"https:\/\/donesesglesia.cat\/wp_cde\/wp-json\/wp\/v2\/media?parent=5368"}],"wp:term":[{"taxonomy":"post_tag","embeddable":true,"href":"https:\/\/donesesglesia.cat\/wp_cde\/wp-json\/wp\/v2\/tags?post=5368"},{"taxonomy":"tribe_events_cat","embeddable":true,"href":"https:\/\/donesesglesia.cat\/wp_cde\/wp-json\/wp\/v2\/tribe_events_cat?post=5368"}],"curies":[{"name":"wp","href":"https:\/\/api.w.org\/{rel}","templated":true}]}}

Jornada de formació: Moviment de catòliques ordenades com a sacerdots i com a bisbes

<p>A càrrec de Roser Solé Besteiro- Lloc: Seu del CDE</p>
