{"id":5345,"date":"2018-01-31T19:12:10","date_gmt":"2018-01-31T19:12:10","guid":{"rendered":"http:\/\/donesesglesia.cat\/wp_cde\/?post_type=tribe_events&#038;p=5345"},"modified":"2018-01-31T19:12:10","modified_gmt":"2018-01-31T19:12:10","slug":"conferencia-marti-luter-monjo-de-la-reforma","status":"publish","type":"tribe_events","link":"https:\/\/donesesglesia.cat\/wp_cde\/activitat\/conferencia-marti-luter-monjo-de-la-reforma\/","title":{"rendered":"Confer\u00e8ncia: &#8220;Mart\u00ed Luter, monjo de la Reforma&#8221;"},"content":{"rendered":"<p>A c\u00e0rrec de Roser Sol\u00e9. Lloc: Centre C\u00edvic Casa Orlandai<\/p>\n","protected":false},"excerpt":{"rendered":"<p>A c\u00e0rrec de Roser Sol\u00e9. Lloc: Centre C\u00edvic Casa Orlandai<\/p>\n","protected":false},"author":1,"featured_media":0,"template":"","meta":{"_tribe_events_status":"","_tribe_events_status_reason":"","footnotes":""},"tags":[],"tribe_events_cat":[25],"class_list":["post-5345","tribe_events","type-tribe_events","status-publish","hentry","tribe_events_cat-activitats-cde-sarria-orlandai-2","cat_activitats-cde-sarria-orlandai-2"],"_links":{"self":[{"href":"https:\/\/donesesglesia.cat\/wp_cde\/wp-json\/wp\/v2\/tribe_events\/5345","targetHints":{"allow":["GET"]}}],"collection":[{"href":"https:\/\/donesesglesia.cat\/wp_cde\/wp-json\/wp\/v2\/tribe_events"}],"about":[{"href":"https:\/\/donesesglesia.cat\/wp_cde\/wp-json\/wp\/v2\/types\/tribe_events"}],"author":[{"embeddable":true,"href":"https:\/\/donesesglesia.cat\/wp_cde\/wp-json\/wp\/v2\/users\/1"}],"version-history":[{"count":1,"href":"https:\/\/donesesglesia.cat\/wp_cde\/wp-json\/wp\/v2\/tribe_events\/5345\/revisions"}],"predecessor-version":[{"id":5346,"href":"https:\/\/donesesglesia.cat\/wp_cde\/wp-json\/wp\/v2\/tribe_events\/5345\/revisions\/5346"}],"wp:attachment":[{"href":"https:\/\/donesesglesia.cat\/wp_cde\/wp-json\/wp\/v2\/media?parent=5345"}],"wp:term":[{"taxonomy":"post_tag","embeddable":true,"href":"https:\/\/donesesglesia.cat\/wp_cde\/wp-json\/wp\/v2\/tags?post=5345"},{"taxonomy":"tribe_events_cat","embeddable":true,"href":"https:\/\/donesesglesia.cat\/wp_cde\/wp-json\/wp\/v2\/tribe_events_cat?post=5345"}],"curies":[{"name":"wp","href":"https:\/\/api.w.org\/{rel}","templated":true}]}}

Conferència: &#8220;Martí Luter, monjo de la Reforma&#8221;

<p>A càrrec de Roser Solé. Lloc: Centre Cívic Casa Orlandai</p>
