{"id":5300,"date":"2018-01-03T18:57:26","date_gmt":"2018-01-03T18:57:26","guid":{"rendered":"http:\/\/donesesglesia.cat\/wp_cde\/?post_type=tribe_events&#038;p=5300"},"modified":"2018-01-03T18:57:26","modified_gmt":"2018-01-03T18:57:26","slug":"ii-seminari-de-formacio-lordenacio-femenina-des-de-la-perspectiva-feminista","status":"publish","type":"tribe_events","link":"https:\/\/donesesglesia.cat\/wp_cde\/activitat\/ii-seminari-de-formacio-lordenacio-femenina-des-de-la-perspectiva-feminista\/","title":{"rendered":"II Seminari de Formaci\u00f3: L&#8217;ordenaci\u00f3 femenina des de la perspectiva feminista"},"content":{"rendered":"<p>A c\u00e0rrec de Christina Moreira V\u00e1zquez, te\u00f2loga feminista. Lloc: Seu del CDE<\/p>\n","protected":false},"excerpt":{"rendered":"<p>A c\u00e0rrec de Christina Moreira V\u00e1zquez, te\u00f2loga feminista. Lloc: Seu del CDE<\/p>\n","protected":false},"author":1,"featured_media":0,"template":"","meta":{"_tribe_events_status":"","_tribe_events_status_reason":"","footnotes":""},"tags":[],"tribe_events_cat":[23],"class_list":["post-5300","tribe_events","type-tribe_events","status-publish","hentry","tribe_events_cat-activitats-del-cde","cat_activitats-del-cde"],"_links":{"self":[{"href":"https:\/\/donesesglesia.cat\/wp_cde\/wp-json\/wp\/v2\/tribe_events\/5300","targetHints":{"allow":["GET"]}}],"collection":[{"href":"https:\/\/donesesglesia.cat\/wp_cde\/wp-json\/wp\/v2\/tribe_events"}],"about":[{"href":"https:\/\/donesesglesia.cat\/wp_cde\/wp-json\/wp\/v2\/types\/tribe_events"}],"author":[{"embeddable":true,"href":"https:\/\/donesesglesia.cat\/wp_cde\/wp-json\/wp\/v2\/users\/1"}],"version-history":[{"count":1,"href":"https:\/\/donesesglesia.cat\/wp_cde\/wp-json\/wp\/v2\/tribe_events\/5300\/revisions"}],"predecessor-version":[{"id":5301,"href":"https:\/\/donesesglesia.cat\/wp_cde\/wp-json\/wp\/v2\/tribe_events\/5300\/revisions\/5301"}],"wp:attachment":[{"href":"https:\/\/donesesglesia.cat\/wp_cde\/wp-json\/wp\/v2\/media?parent=5300"}],"wp:term":[{"taxonomy":"post_tag","embeddable":true,"href":"https:\/\/donesesglesia.cat\/wp_cde\/wp-json\/wp\/v2\/tags?post=5300"},{"taxonomy":"tribe_events_cat","embeddable":true,"href":"https:\/\/donesesglesia.cat\/wp_cde\/wp-json\/wp\/v2\/tribe_events_cat?post=5300"}],"curies":[{"name":"wp","href":"https:\/\/api.w.org\/{rel}","templated":true}]}}

II Seminari de Formació: L&#8217;ordenació femenina des de la perspectiva feminista

<p>A càrrec de Christina Moreira Vázquez, teòloga feminista. Lloc: Seu del CDE</p>
