{"id":5296,"date":"2018-01-03T18:52:20","date_gmt":"2018-01-03T18:52:20","guid":{"rendered":"http:\/\/donesesglesia.cat\/wp_cde\/?post_type=tribe_events&#038;p=5296"},"modified":"2018-01-03T18:52:20","modified_gmt":"2018-01-03T18:52:20","slug":"conferencia-historia-de-les-religions-cristianes-des-del-judaisme-avui-que","status":"publish","type":"tribe_events","link":"https:\/\/donesesglesia.cat\/wp_cde\/activitat\/conferencia-historia-de-les-religions-cristianes-des-del-judaisme-avui-que\/","title":{"rendered":"Confer\u00e8ncia: Hist\u00f2ria de les religions cristianes des del judaisme: Avui, qu\u00e8?"},"content":{"rendered":"<p>A carrec de M. Pau Trayner i Vilanova. Lloc: Seu del CDE (sala Abat Escarr\u00e9)<\/p>\n","protected":false},"excerpt":{"rendered":"<p>A carrec de M. Pau Trayner i Vilanova. Lloc: Seu del CDE (sala Abat Escarr\u00e9)<\/p>\n","protected":false},"author":1,"featured_media":0,"template":"","meta":{"_tribe_events_status":"","_tribe_events_status_reason":"","footnotes":""},"tags":[],"tribe_events_cat":[23],"class_list":["post-5296","tribe_events","type-tribe_events","status-publish","hentry","tribe_events_cat-activitats-del-cde","cat_activitats-del-cde"],"_links":{"self":[{"href":"https:\/\/donesesglesia.cat\/wp_cde\/wp-json\/wp\/v2\/tribe_events\/5296","targetHints":{"allow":["GET"]}}],"collection":[{"href":"https:\/\/donesesglesia.cat\/wp_cde\/wp-json\/wp\/v2\/tribe_events"}],"about":[{"href":"https:\/\/donesesglesia.cat\/wp_cde\/wp-json\/wp\/v2\/types\/tribe_events"}],"author":[{"embeddable":true,"href":"https:\/\/donesesglesia.cat\/wp_cde\/wp-json\/wp\/v2\/users\/1"}],"version-history":[{"count":1,"href":"https:\/\/donesesglesia.cat\/wp_cde\/wp-json\/wp\/v2\/tribe_events\/5296\/revisions"}],"predecessor-version":[{"id":5297,"href":"https:\/\/donesesglesia.cat\/wp_cde\/wp-json\/wp\/v2\/tribe_events\/5296\/revisions\/5297"}],"wp:attachment":[{"href":"https:\/\/donesesglesia.cat\/wp_cde\/wp-json\/wp\/v2\/media?parent=5296"}],"wp:term":[{"taxonomy":"post_tag","embeddable":true,"href":"https:\/\/donesesglesia.cat\/wp_cde\/wp-json\/wp\/v2\/tags?post=5296"},{"taxonomy":"tribe_events_cat","embeddable":true,"href":"https:\/\/donesesglesia.cat\/wp_cde\/wp-json\/wp\/v2\/tribe_events_cat?post=5296"}],"curies":[{"name":"wp","href":"https:\/\/api.w.org\/{rel}","templated":true}]}}

Conferència: Història de les religions cristianes des del judaisme: Avui, què?

<p>A carrec de M. Pau Trayner i Vilanova. Lloc: Seu del CDE (sala Abat Escarré)</p>
