{"id":5280,"date":"2017-11-29T18:37:09","date_gmt":"2017-11-29T18:37:09","guid":{"rendered":"http:\/\/donesesglesia.cat\/wp_cde\/?post_type=tribe_events&#038;p=5280"},"modified":"2017-11-29T18:37:09","modified_gmt":"2017-11-29T18:37:09","slug":"conferencia-la-vida-i-levangeli-el-temps-historic-de-jesus","status":"publish","type":"tribe_events","link":"https:\/\/donesesglesia.cat\/wp_cde\/activitat\/conferencia-la-vida-i-levangeli-el-temps-historic-de-jesus\/","title":{"rendered":"Confer\u00e8ncia: &#8220;La vida i l&#8217;Evangeli: el temps hist\u00f2ric de Jes\u00fas&#8221;"},"content":{"rendered":"<p>a c\u00e0rrec de M. Pau Trayner. Lloc: Casa Orlandai.<\/p>\n","protected":false},"excerpt":{"rendered":"<p>a c\u00e0rrec de M. Pau Trayner. Lloc: Casa Orlandai.<\/p>\n","protected":false},"author":1,"featured_media":0,"template":"","meta":{"_tribe_events_status":"","_tribe_events_status_reason":"","footnotes":""},"tags":[],"tribe_events_cat":[25],"class_list":["post-5280","tribe_events","type-tribe_events","status-publish","hentry","tribe_events_cat-activitats-cde-sarria-orlandai-2","cat_activitats-cde-sarria-orlandai-2"],"_links":{"self":[{"href":"https:\/\/donesesglesia.cat\/wp_cde\/wp-json\/wp\/v2\/tribe_events\/5280","targetHints":{"allow":["GET"]}}],"collection":[{"href":"https:\/\/donesesglesia.cat\/wp_cde\/wp-json\/wp\/v2\/tribe_events"}],"about":[{"href":"https:\/\/donesesglesia.cat\/wp_cde\/wp-json\/wp\/v2\/types\/tribe_events"}],"author":[{"embeddable":true,"href":"https:\/\/donesesglesia.cat\/wp_cde\/wp-json\/wp\/v2\/users\/1"}],"version-history":[{"count":1,"href":"https:\/\/donesesglesia.cat\/wp_cde\/wp-json\/wp\/v2\/tribe_events\/5280\/revisions"}],"predecessor-version":[{"id":5281,"href":"https:\/\/donesesglesia.cat\/wp_cde\/wp-json\/wp\/v2\/tribe_events\/5280\/revisions\/5281"}],"wp:attachment":[{"href":"https:\/\/donesesglesia.cat\/wp_cde\/wp-json\/wp\/v2\/media?parent=5280"}],"wp:term":[{"taxonomy":"post_tag","embeddable":true,"href":"https:\/\/donesesglesia.cat\/wp_cde\/wp-json\/wp\/v2\/tags?post=5280"},{"taxonomy":"tribe_events_cat","embeddable":true,"href":"https:\/\/donesesglesia.cat\/wp_cde\/wp-json\/wp\/v2\/tribe_events_cat?post=5280"}],"curies":[{"name":"wp","href":"https:\/\/api.w.org\/{rel}","templated":true}]}}

Conferència: &#8220;La vida i l&#8217;Evangeli: el temps històric de Jesús&#8221;

<p>a càrrec de M. Pau Trayner. Lloc: Casa Orlandai.</p>
