{"id":5266,"date":"2017-11-29T18:12:51","date_gmt":"2017-11-29T18:12:51","guid":{"rendered":"http:\/\/donesesglesia.cat\/wp_cde\/?post_type=tribe_events&#038;p=5266"},"modified":"2017-11-29T18:12:51","modified_gmt":"2017-11-29T18:12:51","slug":"celebracio-del-memorial-17","status":"publish","type":"tribe_events","link":"https:\/\/donesesglesia.cat\/wp_cde\/activitat\/celebracio-del-memorial-17\/","title":{"rendered":"Celebraci\u00f3 del Memorial"},"content":{"rendered":"<div class=\"page\" title=\"Page 1\">\n<div class=\"section\">\n<div class=\"layoutArea\">\n<div class=\"column\">\n<p>El Grup de Preg\u00e0ria ens convida a la celebraci\u00f3 del Memorial.\u00a0Perqu\u00e8 tothom que hi vulgui participar hagi tingut temps d\u2019aprofundir en el text Evang\u00e8lic que el presidir\u00e0 (Lc. 2,22-35), podeu llegir-ne el contingut a la reflexi\u00f3 del mes. Lloc: Seu del CDE<\/p>\n<\/div>\n<\/div>\n<\/div>\n<\/div>\n","protected":false},"excerpt":{"rendered":"<p>El Grup de Preg\u00e0ria ens convida a la celebraci\u00f3 del Memorial.\u00a0Perqu\u00e8 tothom que hi vulgui participar hagi tingut temps d\u2019aprofundir en el text Evang\u00e8lic que el presidir\u00e0 (Lc. 2,22-35), podeu [&hellip;]<\/p>\n","protected":false},"author":1,"featured_media":0,"template":"","meta":{"_tribe_events_status":"","_tribe_events_status_reason":"","footnotes":""},"tags":[],"tribe_events_cat":[23],"class_list":["post-5266","tribe_events","type-tribe_events","status-publish","hentry","tribe_events_cat-activitats-del-cde","cat_activitats-del-cde"],"_links":{"self":[{"href":"https:\/\/donesesglesia.cat\/wp_cde\/wp-json\/wp\/v2\/tribe_events\/5266","targetHints":{"allow":["GET"]}}],"collection":[{"href":"https:\/\/donesesglesia.cat\/wp_cde\/wp-json\/wp\/v2\/tribe_events"}],"about":[{"href":"https:\/\/donesesglesia.cat\/wp_cde\/wp-json\/wp\/v2\/types\/tribe_events"}],"author":[{"embeddable":true,"href":"https:\/\/donesesglesia.cat\/wp_cde\/wp-json\/wp\/v2\/users\/1"}],"version-history":[{"count":1,"href":"https:\/\/donesesglesia.cat\/wp_cde\/wp-json\/wp\/v2\/tribe_events\/5266\/revisions"}],"predecessor-version":[{"id":5267,"href":"https:\/\/donesesglesia.cat\/wp_cde\/wp-json\/wp\/v2\/tribe_events\/5266\/revisions\/5267"}],"wp:attachment":[{"href":"https:\/\/donesesglesia.cat\/wp_cde\/wp-json\/wp\/v2\/media?parent=5266"}],"wp:term":[{"taxonomy":"post_tag","embeddable":true,"href":"https:\/\/donesesglesia.cat\/wp_cde\/wp-json\/wp\/v2\/tags?post=5266"},{"taxonomy":"tribe_events_cat","embeddable":true,"href":"https:\/\/donesesglesia.cat\/wp_cde\/wp-json\/wp\/v2\/tribe_events_cat?post=5266"}],"curies":[{"name":"wp","href":"https:\/\/api.w.org\/{rel}","templated":true}]}}

Celebració del Memorial

<div class="page" title="Page 1">
<div class="section">
<div class="layoutArea">
<div class="column">
<p>El Grup de Pregària ens convida a la celebració del Memorial. Perquè tothom que hi vulgui participar hagi tingut temps d’aprofundir en el text Evangèlic que el presidirà (Lc. 2,22-35), podeu llegir-ne el contingut a la reflexió del mes. Lloc: Seu del CDE</p>
</div>
</div>
</div>
</div>

<p>El Grup de Pregària ens convida a la celebració del Memorial. Perquè tothom que hi vulgui participar hagi tingut temps d’aprofundir en el text Evangèlic que el presidirà (Lc. 2,22-35), podeu [&hellip;]</p>
