{"id":5233,"date":"2017-10-31T18:47:58","date_gmt":"2017-10-31T18:47:58","guid":{"rendered":"http:\/\/donesesglesia.cat\/wp_cde\/?post_type=tribe_events&#038;p=5233"},"modified":"2017-10-31T18:47:58","modified_gmt":"2017-10-31T18:47:58","slug":"celebracio-del-memorial-16","status":"publish","type":"tribe_events","link":"https:\/\/donesesglesia.cat\/wp_cde\/activitat\/celebracio-del-memorial-16\/","title":{"rendered":"Celebraci\u00f3 del Memorial"},"content":{"rendered":"<div class=\"page\" title=\"Page 1\">\n<div class=\"layoutArea\">\n<div class=\"column\">\n<p>El Grup de Preg\u00e0ria ens convida a la celebraci\u00f3 del Memorial. El text evang\u00e8lic \u00e9s Lc. 7,18-30. Lloc: \u00a0Seu del CDE<\/p>\n<\/div>\n<\/div>\n<\/div>\n","protected":false},"excerpt":{"rendered":"<p>El Grup de Preg\u00e0ria ens convida a la celebraci\u00f3 del Memorial. El text evang\u00e8lic \u00e9s Lc. 7,18-30. Lloc: \u00a0Seu del CDE<\/p>\n","protected":false},"author":1,"featured_media":0,"template":"","meta":{"_tribe_events_status":"","_tribe_events_status_reason":"","footnotes":""},"tags":[],"tribe_events_cat":[23],"class_list":["post-5233","tribe_events","type-tribe_events","status-publish","hentry","tribe_events_cat-activitats-del-cde","cat_activitats-del-cde"],"_links":{"self":[{"href":"https:\/\/donesesglesia.cat\/wp_cde\/wp-json\/wp\/v2\/tribe_events\/5233","targetHints":{"allow":["GET"]}}],"collection":[{"href":"https:\/\/donesesglesia.cat\/wp_cde\/wp-json\/wp\/v2\/tribe_events"}],"about":[{"href":"https:\/\/donesesglesia.cat\/wp_cde\/wp-json\/wp\/v2\/types\/tribe_events"}],"author":[{"embeddable":true,"href":"https:\/\/donesesglesia.cat\/wp_cde\/wp-json\/wp\/v2\/users\/1"}],"version-history":[{"count":1,"href":"https:\/\/donesesglesia.cat\/wp_cde\/wp-json\/wp\/v2\/tribe_events\/5233\/revisions"}],"predecessor-version":[{"id":5234,"href":"https:\/\/donesesglesia.cat\/wp_cde\/wp-json\/wp\/v2\/tribe_events\/5233\/revisions\/5234"}],"wp:attachment":[{"href":"https:\/\/donesesglesia.cat\/wp_cde\/wp-json\/wp\/v2\/media?parent=5233"}],"wp:term":[{"taxonomy":"post_tag","embeddable":true,"href":"https:\/\/donesesglesia.cat\/wp_cde\/wp-json\/wp\/v2\/tags?post=5233"},{"taxonomy":"tribe_events_cat","embeddable":true,"href":"https:\/\/donesesglesia.cat\/wp_cde\/wp-json\/wp\/v2\/tribe_events_cat?post=5233"}],"curies":[{"name":"wp","href":"https:\/\/api.w.org\/{rel}","templated":true}]}}

Celebració del Memorial

<div class="page" title="Page 1">
<div class="layoutArea">
<div class="column">
<p>El Grup de Pregària ens convida a la celebració del Memorial. El text evangèlic és Lc. 7,18-30. Lloc:  Seu del CDE</p>
</div>
</div>
</div>

<p>El Grup de Pregària ens convida a la celebració del Memorial. El text evangèlic és Lc. 7,18-30. Lloc:  Seu del CDE</p>
