{"id":5054,"date":"2017-05-28T20:46:23","date_gmt":"2017-05-28T20:46:23","guid":{"rendered":"http:\/\/donesesglesia.cat\/wp_cde\/?post_type=tribe_events&#038;p=5054"},"modified":"2017-05-28T20:46:23","modified_gmt":"2017-05-28T20:46:23","slug":"conferencia-luther-i-la-reforma","status":"publish","type":"tribe_events","link":"https:\/\/donesesglesia.cat\/wp_cde\/activitat\/conferencia-luther-i-la-reforma\/","title":{"rendered":"Confer\u00e8ncia: &#8220;Luther i la Reforma&#8221;"},"content":{"rendered":"<p>A c\u00e0rrec de Roser Sol\u00e9 Besteiro. Lloc: Centre C\u00edvic Pla de Palau.<\/p>\n","protected":false},"excerpt":{"rendered":"<p>A c\u00e0rrec de Roser Sol\u00e9 Besteiro. Lloc: Centre C\u00edvic Pla de Palau.<\/p>\n","protected":false},"author":1,"featured_media":0,"template":"","meta":{"_tribe_events_status":"","_tribe_events_status_reason":"","footnotes":""},"tags":[],"tribe_events_cat":[24],"class_list":["post-5054","tribe_events","type-tribe_events","status-publish","hentry","tribe_events_cat-activitats-cde-girona-2","cat_activitats-cde-girona-2"],"_links":{"self":[{"href":"https:\/\/donesesglesia.cat\/wp_cde\/wp-json\/wp\/v2\/tribe_events\/5054","targetHints":{"allow":["GET"]}}],"collection":[{"href":"https:\/\/donesesglesia.cat\/wp_cde\/wp-json\/wp\/v2\/tribe_events"}],"about":[{"href":"https:\/\/donesesglesia.cat\/wp_cde\/wp-json\/wp\/v2\/types\/tribe_events"}],"author":[{"embeddable":true,"href":"https:\/\/donesesglesia.cat\/wp_cde\/wp-json\/wp\/v2\/users\/1"}],"version-history":[{"count":1,"href":"https:\/\/donesesglesia.cat\/wp_cde\/wp-json\/wp\/v2\/tribe_events\/5054\/revisions"}],"predecessor-version":[{"id":5055,"href":"https:\/\/donesesglesia.cat\/wp_cde\/wp-json\/wp\/v2\/tribe_events\/5054\/revisions\/5055"}],"wp:attachment":[{"href":"https:\/\/donesesglesia.cat\/wp_cde\/wp-json\/wp\/v2\/media?parent=5054"}],"wp:term":[{"taxonomy":"post_tag","embeddable":true,"href":"https:\/\/donesesglesia.cat\/wp_cde\/wp-json\/wp\/v2\/tags?post=5054"},{"taxonomy":"tribe_events_cat","embeddable":true,"href":"https:\/\/donesesglesia.cat\/wp_cde\/wp-json\/wp\/v2\/tribe_events_cat?post=5054"}],"curies":[{"name":"wp","href":"https:\/\/api.w.org\/{rel}","templated":true}]}}

Conferència: &#8220;Luther i la Reforma&#8221;

<p>A càrrec de Roser Solé Besteiro. Lloc: Centre Cívic Pla de Palau.</p>
