{"id":5023,"date":"2017-05-01T11:03:43","date_gmt":"2017-05-01T11:03:43","guid":{"rendered":"http:\/\/donesesglesia.cat\/wp_cde\/?post_type=tribe_events&#038;p=5023"},"modified":"2017-05-01T11:03:43","modified_gmt":"2017-05-01T11:03:43","slug":"conferencia-catalunya-ha-deixat-de-ser-catolica-potser-si-analitzem-la-societat","status":"publish","type":"tribe_events","link":"https:\/\/donesesglesia.cat\/wp_cde\/activitat\/conferencia-catalunya-ha-deixat-de-ser-catolica-potser-si-analitzem-la-societat\/","title":{"rendered":"Confer\u00e8ncia: &#8220;Catalunya ha deixat de ser cat\u00f2lica? Potser s\u00ed, analitzem la societat&#8221;"},"content":{"rendered":"<div class=\"page\" title=\"Page 2\">\n<div class=\"layoutArea\">\n<div class=\"column\">\n<p>a c\u00e0rrec de Quim Cervera. Lloc: Sala d&#8217;Actes de l&#8217;Acad\u00e8mia Cat\u00f2lica.<\/p>\n<\/div>\n<\/div>\n<\/div>\n","protected":false},"excerpt":{"rendered":"<p>a c\u00e0rrec de Quim Cervera. Lloc: Sala d&#8217;Actes de l&#8217;Acad\u00e8mia Cat\u00f2lica.<\/p>\n","protected":false},"author":1,"featured_media":0,"template":"","meta":{"_tribe_events_status":"","_tribe_events_status_reason":"","footnotes":""},"tags":[],"tribe_events_cat":[27],"class_list":["post-5023","tribe_events","type-tribe_events","status-publish","hentry","tribe_events_cat-activitats-cde-sabadell","cat_activitats-cde-sabadell"],"_links":{"self":[{"href":"https:\/\/donesesglesia.cat\/wp_cde\/wp-json\/wp\/v2\/tribe_events\/5023","targetHints":{"allow":["GET"]}}],"collection":[{"href":"https:\/\/donesesglesia.cat\/wp_cde\/wp-json\/wp\/v2\/tribe_events"}],"about":[{"href":"https:\/\/donesesglesia.cat\/wp_cde\/wp-json\/wp\/v2\/types\/tribe_events"}],"author":[{"embeddable":true,"href":"https:\/\/donesesglesia.cat\/wp_cde\/wp-json\/wp\/v2\/users\/1"}],"version-history":[{"count":1,"href":"https:\/\/donesesglesia.cat\/wp_cde\/wp-json\/wp\/v2\/tribe_events\/5023\/revisions"}],"predecessor-version":[{"id":5024,"href":"https:\/\/donesesglesia.cat\/wp_cde\/wp-json\/wp\/v2\/tribe_events\/5023\/revisions\/5024"}],"wp:attachment":[{"href":"https:\/\/donesesglesia.cat\/wp_cde\/wp-json\/wp\/v2\/media?parent=5023"}],"wp:term":[{"taxonomy":"post_tag","embeddable":true,"href":"https:\/\/donesesglesia.cat\/wp_cde\/wp-json\/wp\/v2\/tags?post=5023"},{"taxonomy":"tribe_events_cat","embeddable":true,"href":"https:\/\/donesesglesia.cat\/wp_cde\/wp-json\/wp\/v2\/tribe_events_cat?post=5023"}],"curies":[{"name":"wp","href":"https:\/\/api.w.org\/{rel}","templated":true}]}}

Conferència: &#8220;Catalunya ha deixat de ser catòlica? Potser sí, analitzem la societat&#8221;

<div class="page" title="Page 2">
<div class="layoutArea">
<div class="column">
<p>a càrrec de Quim Cervera. Lloc: Sala d&#8217;Actes de l&#8217;Acadèmia Catòlica.</p>
</div>
</div>
</div>

<p>a càrrec de Quim Cervera. Lloc: Sala d&#8217;Actes de l&#8217;Acadèmia Catòlica.</p>
