{"id":5017,"date":"2017-05-01T10:58:58","date_gmt":"2017-05-01T10:58:58","guid":{"rendered":"http:\/\/donesesglesia.cat\/wp_cde\/?post_type=tribe_events&#038;p=5017"},"modified":"2017-05-01T10:58:58","modified_gmt":"2017-05-01T10:58:58","slug":"conferencia-la-vida-i-levangeli-ii-a-qui-va-dirigida-laccio-de-jesus-com-interpretar-la","status":"publish","type":"tribe_events","link":"https:\/\/donesesglesia.cat\/wp_cde\/activitat\/conferencia-la-vida-i-levangeli-ii-a-qui-va-dirigida-laccio-de-jesus-com-interpretar-la\/","title":{"rendered":"Confer\u00e8ncia: &#8220;La vida i l&#8217;evangeli II: A qui va dirigida l&#8217;acci\u00f3 de Jes\u00fas? Com interpretar-la&#8221;"},"content":{"rendered":"<div class=\"page\" title=\"Page 2\">\n<div class=\"layoutArea\">\n<div class=\"column\">\n<p>a c\u00e0rrec de M. Pau Trayner i Vilanova. Lloc: Casal de la Font d&#8217;En Fargues.<\/p>\n<\/div>\n<\/div>\n<\/div>\n","protected":false},"excerpt":{"rendered":"<p>a c\u00e0rrec de M. Pau Trayner i Vilanova. Lloc: Casal de la Font d&#8217;En Fargues.<\/p>\n","protected":false},"author":1,"featured_media":0,"template":"","meta":{"_tribe_events_status":"","_tribe_events_status_reason":"","footnotes":""},"tags":[],"tribe_events_cat":[26],"class_list":["post-5017","tribe_events","type-tribe_events","status-publish","hentry","tribe_events_cat-activitats-cde-horta","cat_activitats-cde-horta"],"_links":{"self":[{"href":"https:\/\/donesesglesia.cat\/wp_cde\/wp-json\/wp\/v2\/tribe_events\/5017","targetHints":{"allow":["GET"]}}],"collection":[{"href":"https:\/\/donesesglesia.cat\/wp_cde\/wp-json\/wp\/v2\/tribe_events"}],"about":[{"href":"https:\/\/donesesglesia.cat\/wp_cde\/wp-json\/wp\/v2\/types\/tribe_events"}],"author":[{"embeddable":true,"href":"https:\/\/donesesglesia.cat\/wp_cde\/wp-json\/wp\/v2\/users\/1"}],"version-history":[{"count":1,"href":"https:\/\/donesesglesia.cat\/wp_cde\/wp-json\/wp\/v2\/tribe_events\/5017\/revisions"}],"predecessor-version":[{"id":5018,"href":"https:\/\/donesesglesia.cat\/wp_cde\/wp-json\/wp\/v2\/tribe_events\/5017\/revisions\/5018"}],"wp:attachment":[{"href":"https:\/\/donesesglesia.cat\/wp_cde\/wp-json\/wp\/v2\/media?parent=5017"}],"wp:term":[{"taxonomy":"post_tag","embeddable":true,"href":"https:\/\/donesesglesia.cat\/wp_cde\/wp-json\/wp\/v2\/tags?post=5017"},{"taxonomy":"tribe_events_cat","embeddable":true,"href":"https:\/\/donesesglesia.cat\/wp_cde\/wp-json\/wp\/v2\/tribe_events_cat?post=5017"}],"curies":[{"name":"wp","href":"https:\/\/api.w.org\/{rel}","templated":true}]}}

Conferència: &#8220;La vida i l&#8217;evangeli II: A qui va dirigida l&#8217;acció de Jesús? Com interpretar-la&#8221;

<div class="page" title="Page 2">
<div class="layoutArea">
<div class="column">
<p>a càrrec de M. Pau Trayner i Vilanova. Lloc: Casal de la Font d&#8217;En Fargues.</p>
</div>
</div>
</div>

<p>a càrrec de M. Pau Trayner i Vilanova. Lloc: Casal de la Font d&#8217;En Fargues.</p>
