{"id":5013,"date":"2017-05-01T10:25:20","date_gmt":"2017-05-01T10:25:20","guid":{"rendered":"http:\/\/donesesglesia.cat\/wp_cde\/?post_type=tribe_events&#038;p=5013"},"modified":"2017-05-01T10:33:43","modified_gmt":"2017-05-01T10:33:43","slug":"conferencia-el-prostestantisme-durant-la-republica-i-el-franquisme-als-paisos-catalans","status":"publish","type":"tribe_events","link":"https:\/\/donesesglesia.cat\/wp_cde\/activitat\/conferencia-el-prostestantisme-durant-la-republica-i-el-franquisme-als-paisos-catalans\/","title":{"rendered":"Confer\u00e8ncia: &#8220;El prostestantisme durant la Rep\u00fablica i el Franquisme als Pa\u00efsos Catalans&#8221;"},"content":{"rendered":"<div class=\"page\" title=\"Page 1\">\n<div class=\"section\">\n<div class=\"layoutArea\">\n<div class=\"column\">\n<p>Lloc: Esgl\u00e9sia Evangelica Baptista de Girona.<\/p>\n<\/div>\n<\/div>\n<\/div>\n<\/div>\n","protected":false},"excerpt":{"rendered":"<p>Lloc: Esgl\u00e9sia Evangelica Baptista de Girona.<\/p>\n","protected":false},"author":1,"featured_media":0,"template":"","meta":{"_tribe_events_status":"","_tribe_events_status_reason":"","footnotes":""},"tags":[],"tribe_events_cat":[24],"class_list":["post-5013","tribe_events","type-tribe_events","status-publish","hentry","tribe_events_cat-activitats-cde-girona-2","cat_activitats-cde-girona-2"],"_links":{"self":[{"href":"https:\/\/donesesglesia.cat\/wp_cde\/wp-json\/wp\/v2\/tribe_events\/5013","targetHints":{"allow":["GET"]}}],"collection":[{"href":"https:\/\/donesesglesia.cat\/wp_cde\/wp-json\/wp\/v2\/tribe_events"}],"about":[{"href":"https:\/\/donesesglesia.cat\/wp_cde\/wp-json\/wp\/v2\/types\/tribe_events"}],"author":[{"embeddable":true,"href":"https:\/\/donesesglesia.cat\/wp_cde\/wp-json\/wp\/v2\/users\/1"}],"version-history":[{"count":2,"href":"https:\/\/donesesglesia.cat\/wp_cde\/wp-json\/wp\/v2\/tribe_events\/5013\/revisions"}],"predecessor-version":[{"id":5016,"href":"https:\/\/donesesglesia.cat\/wp_cde\/wp-json\/wp\/v2\/tribe_events\/5013\/revisions\/5016"}],"wp:attachment":[{"href":"https:\/\/donesesglesia.cat\/wp_cde\/wp-json\/wp\/v2\/media?parent=5013"}],"wp:term":[{"taxonomy":"post_tag","embeddable":true,"href":"https:\/\/donesesglesia.cat\/wp_cde\/wp-json\/wp\/v2\/tags?post=5013"},{"taxonomy":"tribe_events_cat","embeddable":true,"href":"https:\/\/donesesglesia.cat\/wp_cde\/wp-json\/wp\/v2\/tribe_events_cat?post=5013"}],"curies":[{"name":"wp","href":"https:\/\/api.w.org\/{rel}","templated":true}]}}

Conferència: &#8220;El prostestantisme durant la República i el Franquisme als Països Catalans&#8221;

<div class="page" title="Page 1">
<div class="section">
<div class="layoutArea">
<div class="column">
<p>Lloc: Església Evangelica Baptista de Girona.</p>
</div>
</div>
</div>
</div>

<p>Lloc: Església Evangelica Baptista de Girona.</p>
