{"id":4999,"date":"2017-05-01T10:06:35","date_gmt":"2017-05-01T10:06:35","guid":{"rendered":"http:\/\/donesesglesia.cat\/wp_cde\/?post_type=tribe_events&#038;p=4999"},"modified":"2017-05-28T20:37:22","modified_gmt":"2017-05-28T20:37:22","slug":"jornada-de-reflexio-els-500-anys-de-la-reforma","status":"publish","type":"tribe_events","link":"https:\/\/donesesglesia.cat\/wp_cde\/activitat\/jornada-de-reflexio-els-500-anys-de-la-reforma\/","title":{"rendered":"Jornada d&#8217;Aprofundiment Teol\u00f2gic: &#8220;Treballar pel di\u00e0leg, 500 anys despr\u00e9s de la Reforma&#8221;"},"content":{"rendered":"<div class=\"page\" title=\"Page 1\">\n<div class=\"section\">\n<div class=\"layoutArea\">\n<div class=\"column\">\n<div class=\"page\" title=\"Page 1\">\n<div class=\"section\">\n<div class=\"layoutArea\">\n<div class=\"column\">\n<p>Ponent: Andreu Dion\u00eds Garcia, Te\u00f2leg, Pastor de l\u2019Esgl\u00e9sia Evang\u00e8lica Unida de Terrassa. Lloc: Sala Abat Escarr\u00e9<\/p>\n<\/div>\n<\/div>\n<\/div>\n<\/div>\n<\/div>\n<\/div>\n<\/div>\n<\/div>\n","protected":false},"excerpt":{"rendered":"<p>Ponent: Andreu Dion\u00eds Garcia, Te\u00f2leg, Pastor de l\u2019Esgl\u00e9sia Evang\u00e8lica Unida de Terrassa. Lloc: Sala Abat Escarr\u00e9<\/p>\n","protected":false},"author":1,"featured_media":0,"template":"","meta":{"_tribe_events_status":"","_tribe_events_status_reason":"","footnotes":""},"tags":[],"tribe_events_cat":[23],"class_list":["post-4999","tribe_events","type-tribe_events","status-publish","hentry","tribe_events_cat-activitats-del-cde","cat_activitats-del-cde"],"_links":{"self":[{"href":"https:\/\/donesesglesia.cat\/wp_cde\/wp-json\/wp\/v2\/tribe_events\/4999","targetHints":{"allow":["GET"]}}],"collection":[{"href":"https:\/\/donesesglesia.cat\/wp_cde\/wp-json\/wp\/v2\/tribe_events"}],"about":[{"href":"https:\/\/donesesglesia.cat\/wp_cde\/wp-json\/wp\/v2\/types\/tribe_events"}],"author":[{"embeddable":true,"href":"https:\/\/donesesglesia.cat\/wp_cde\/wp-json\/wp\/v2\/users\/1"}],"version-history":[{"count":5,"href":"https:\/\/donesesglesia.cat\/wp_cde\/wp-json\/wp\/v2\/tribe_events\/4999\/revisions"}],"predecessor-version":[{"id":5049,"href":"https:\/\/donesesglesia.cat\/wp_cde\/wp-json\/wp\/v2\/tribe_events\/4999\/revisions\/5049"}],"wp:attachment":[{"href":"https:\/\/donesesglesia.cat\/wp_cde\/wp-json\/wp\/v2\/media?parent=4999"}],"wp:term":[{"taxonomy":"post_tag","embeddable":true,"href":"https:\/\/donesesglesia.cat\/wp_cde\/wp-json\/wp\/v2\/tags?post=4999"},{"taxonomy":"tribe_events_cat","embeddable":true,"href":"https:\/\/donesesglesia.cat\/wp_cde\/wp-json\/wp\/v2\/tribe_events_cat?post=4999"}],"curies":[{"name":"wp","href":"https:\/\/api.w.org\/{rel}","templated":true}]}}

Jornada d&#8217;Aprofundiment Teològic: &#8220;Treballar pel diàleg, 500 anys després de la Reforma&#8221;

<div class="page" title="Page 1">
<div class="section">
<div class="layoutArea">
<div class="column">
<div class="page" title="Page 1">
<div class="section">
<div class="layoutArea">
<div class="column">
<p>Ponent: Andreu Dionís Garcia, Teòleg, Pastor de l’Església Evangèlica Unida de Terrassa. Lloc: Sala Abat Escarré</p>
</div>
</div>
</div>
</div>
</div>
</div>
</div>
</div>

<p>Ponent: Andreu Dionís Garcia, Teòleg, Pastor de l’Església Evangèlica Unida de Terrassa. Lloc: Sala Abat Escarré</p>
