{"id":4962,"date":"2017-03-28T08:23:28","date_gmt":"2017-03-28T08:23:28","guid":{"rendered":"http:\/\/donesesglesia.cat\/wp_cde\/?post_type=tribe_events&#038;p=4962"},"modified":"2017-03-28T08:23:28","modified_gmt":"2017-03-28T08:23:28","slug":"conferencia-la-vida-i-levangeli-i-el-temps-historic-de-jesus","status":"publish","type":"tribe_events","link":"https:\/\/donesesglesia.cat\/wp_cde\/activitat\/conferencia-la-vida-i-levangeli-i-el-temps-historic-de-jesus\/","title":{"rendered":"Confer\u00e8ncia: &#8220;La vida i l&#8217;evangeli i el temps hist\u00f2ric de Jes\u00fas&#8221;"},"content":{"rendered":"<p>A ca\u0300rrec de M. Pau Trayner i Vilanova. Lloc: Casal de la Font d&#8217;En Fargues<\/p>\n","protected":false},"excerpt":{"rendered":"<p>A ca\u0300rrec de M. Pau Trayner i Vilanova. Lloc: Casal de la Font d&#8217;En Fargues<\/p>\n","protected":false},"author":1,"featured_media":0,"template":"","meta":{"_tribe_events_status":"","_tribe_events_status_reason":"","footnotes":""},"tags":[],"tribe_events_cat":[26],"class_list":["post-4962","tribe_events","type-tribe_events","status-publish","hentry","tribe_events_cat-activitats-cde-horta","cat_activitats-cde-horta"],"_links":{"self":[{"href":"https:\/\/donesesglesia.cat\/wp_cde\/wp-json\/wp\/v2\/tribe_events\/4962","targetHints":{"allow":["GET"]}}],"collection":[{"href":"https:\/\/donesesglesia.cat\/wp_cde\/wp-json\/wp\/v2\/tribe_events"}],"about":[{"href":"https:\/\/donesesglesia.cat\/wp_cde\/wp-json\/wp\/v2\/types\/tribe_events"}],"author":[{"embeddable":true,"href":"https:\/\/donesesglesia.cat\/wp_cde\/wp-json\/wp\/v2\/users\/1"}],"version-history":[{"count":1,"href":"https:\/\/donesesglesia.cat\/wp_cde\/wp-json\/wp\/v2\/tribe_events\/4962\/revisions"}],"predecessor-version":[{"id":4963,"href":"https:\/\/donesesglesia.cat\/wp_cde\/wp-json\/wp\/v2\/tribe_events\/4962\/revisions\/4963"}],"wp:attachment":[{"href":"https:\/\/donesesglesia.cat\/wp_cde\/wp-json\/wp\/v2\/media?parent=4962"}],"wp:term":[{"taxonomy":"post_tag","embeddable":true,"href":"https:\/\/donesesglesia.cat\/wp_cde\/wp-json\/wp\/v2\/tags?post=4962"},{"taxonomy":"tribe_events_cat","embeddable":true,"href":"https:\/\/donesesglesia.cat\/wp_cde\/wp-json\/wp\/v2\/tribe_events_cat?post=4962"}],"curies":[{"name":"wp","href":"https:\/\/api.w.org\/{rel}","templated":true}]}}

Conferència: &#8220;La vida i l&#8217;evangeli i el temps històric de Jesús&#8221;
