{"id":4950,"date":"2017-03-28T08:14:59","date_gmt":"2017-03-28T08:14:59","guid":{"rendered":"http:\/\/donesesglesia.cat\/wp_cde\/?post_type=tribe_events&#038;p=4950"},"modified":"2017-03-28T08:15:36","modified_gmt":"2017-03-28T08:15:36","slug":"celebracio-del-memorial-11","status":"publish","type":"tribe_events","link":"https:\/\/donesesglesia.cat\/wp_cde\/activitat\/celebracio-del-memorial-11\/","title":{"rendered":"Celebraci\u00f3 del Memorial"},"content":{"rendered":"<p>El Grup de Preg\u00e0ria ens convida a la celebraci\u00f3 del Memorial. Fem present el que ens diu Fets dels Apo\u0300stols 2, 42 i 47: &#8220;Tots eren constants a escoltar l&#8217;ensenyament dels apo\u0300stols i a viure en comunio\u0301 fraterna, a partir el pa i a assistir a les prega\u0300ries. A casa partien el pa i prenien junts el seu aliment amb joia i senzillesa de cor&#8221;. Lloc: Seu del CDE<\/p>\n","protected":false},"excerpt":{"rendered":"<p>El Grup de Preg\u00e0ria ens convida a la celebraci\u00f3 del Memorial. Fem present el que ens diu Fets dels Apo\u0300stols 2, 42 i 47: &#8220;Tots eren constants a escoltar l&#8217;ensenyament [&hellip;]<\/p>\n","protected":false},"author":1,"featured_media":0,"template":"","meta":{"_tribe_events_status":"","_tribe_events_status_reason":"","footnotes":""},"tags":[],"tribe_events_cat":[23],"class_list":["post-4950","tribe_events","type-tribe_events","status-publish","hentry","tribe_events_cat-activitats-del-cde","cat_activitats-del-cde"],"_links":{"self":[{"href":"https:\/\/donesesglesia.cat\/wp_cde\/wp-json\/wp\/v2\/tribe_events\/4950","targetHints":{"allow":["GET"]}}],"collection":[{"href":"https:\/\/donesesglesia.cat\/wp_cde\/wp-json\/wp\/v2\/tribe_events"}],"about":[{"href":"https:\/\/donesesglesia.cat\/wp_cde\/wp-json\/wp\/v2\/types\/tribe_events"}],"author":[{"embeddable":true,"href":"https:\/\/donesesglesia.cat\/wp_cde\/wp-json\/wp\/v2\/users\/1"}],"version-history":[{"count":2,"href":"https:\/\/donesesglesia.cat\/wp_cde\/wp-json\/wp\/v2\/tribe_events\/4950\/revisions"}],"predecessor-version":[{"id":4952,"href":"https:\/\/donesesglesia.cat\/wp_cde\/wp-json\/wp\/v2\/tribe_events\/4950\/revisions\/4952"}],"wp:attachment":[{"href":"https:\/\/donesesglesia.cat\/wp_cde\/wp-json\/wp\/v2\/media?parent=4950"}],"wp:term":[{"taxonomy":"post_tag","embeddable":true,"href":"https:\/\/donesesglesia.cat\/wp_cde\/wp-json\/wp\/v2\/tags?post=4950"},{"taxonomy":"tribe_events_cat","embeddable":true,"href":"https:\/\/donesesglesia.cat\/wp_cde\/wp-json\/wp\/v2\/tribe_events_cat?post=4950"}],"curies":[{"name":"wp","href":"https:\/\/api.w.org\/{rel}","templated":true}]}}

Celebració del Memorial

<p>El Grup de Pregària ens convida a la celebració del Memorial. Fem present el que ens diu Fets dels Apòstols 2, 42 i 47: &#8220;Tots eren constants a escoltar l&#8217;ensenyament dels apòstols i a viure en comunió fraterna, a partir el pa i a assistir a les pregàries. A casa partien el pa i prenien junts el seu aliment amb joia i senzillesa de cor&#8221;. Lloc: Seu del CDE</p>

<p>El Grup de Pregària ens convida a la celebració del Memorial. Fem present el que ens diu Fets dels Apòstols 2, 42 i 47: &#8220;Tots eren constants a escoltar l&#8217;ensenyament [&hellip;]</p>
