{"id":4121,"date":"2015-09-15T18:48:43","date_gmt":"2015-09-15T18:48:43","guid":{"rendered":"http:\/\/donesesglesia.cat\/wp_cde\/?post_type=tribe_events&#038;p=4121"},"modified":"2015-09-15T18:48:43","modified_gmt":"2015-09-15T18:48:43","slug":"conferencia-la-doctrina-social-de-lesglesia-sobre-el-dret-dels-pobles-a-lautodeterminacio","status":"publish","type":"tribe_events","link":"https:\/\/donesesglesia.cat\/wp_cde\/activitat\/conferencia-la-doctrina-social-de-lesglesia-sobre-el-dret-dels-pobles-a-lautodeterminacio\/","title":{"rendered":"Confer\u00e8ncia: &#8220;La doctrina social de l&#8217;Esgl\u00e9sia sobre el dret dels pobles a l&#8217;autodeterminaci\u00f3&#8221;"},"content":{"rendered":"<p>a c\u00e0rrec de Josep Torrens, d\u2019Esgl\u00e9sia Plural, i de Manel Pousa (pare Manel). Lloc: Parr\u00f2quia de Sant Just.<\/p>\n","protected":false},"excerpt":{"rendered":"<p>a c\u00e0rrec de Josep Torrens, d\u2019Esgl\u00e9sia Plural, i de Manel Pousa (pare Manel). Lloc: Parr\u00f2quia de Sant Just.<\/p>\n","protected":false},"author":1,"featured_media":0,"template":"","meta":{"_tribe_events_status":"","_tribe_events_status_reason":"","footnotes":""},"tags":[],"tribe_events_cat":[28],"class_list":["post-4121","tribe_events","type-tribe_events","status-publish","hentry","tribe_events_cat-activitats-cde-sant-just-desvern","cat_activitats-cde-sant-just-desvern"],"_links":{"self":[{"href":"https:\/\/donesesglesia.cat\/wp_cde\/wp-json\/wp\/v2\/tribe_events\/4121","targetHints":{"allow":["GET"]}}],"collection":[{"href":"https:\/\/donesesglesia.cat\/wp_cde\/wp-json\/wp\/v2\/tribe_events"}],"about":[{"href":"https:\/\/donesesglesia.cat\/wp_cde\/wp-json\/wp\/v2\/types\/tribe_events"}],"author":[{"embeddable":true,"href":"https:\/\/donesesglesia.cat\/wp_cde\/wp-json\/wp\/v2\/users\/1"}],"version-history":[{"count":0,"href":"https:\/\/donesesglesia.cat\/wp_cde\/wp-json\/wp\/v2\/tribe_events\/4121\/revisions"}],"wp:attachment":[{"href":"https:\/\/donesesglesia.cat\/wp_cde\/wp-json\/wp\/v2\/media?parent=4121"}],"wp:term":[{"taxonomy":"post_tag","embeddable":true,"href":"https:\/\/donesesglesia.cat\/wp_cde\/wp-json\/wp\/v2\/tags?post=4121"},{"taxonomy":"tribe_events_cat","embeddable":true,"href":"https:\/\/donesesglesia.cat\/wp_cde\/wp-json\/wp\/v2\/tribe_events_cat?post=4121"}],"curies":[{"name":"wp","href":"https:\/\/api.w.org\/{rel}","templated":true}]}}

Conferència: &#8220;La doctrina social de l&#8217;Església sobre el dret dels pobles a l&#8217;autodeterminació&#8221;

<p>a càrrec de Josep Torrens, d’Església Plural, i de Manel Pousa (pare Manel). Lloc: Parròquia de Sant Just.</p>
